{"id":10709,"date":"2020-06-02T12:30:53","date_gmt":"2020-06-02T10:30:53","guid":{"rendered":"https:\/\/shop.holz-wallner.at\/inhalte\/?page_id=10709"},"modified":"2020-06-04T12:22:18","modified_gmt":"2020-06-04T10:22:18","slug":"forescolor","status":"publish","type":"page","link":"https:\/\/www.holz-wallner.at\/inhalte\/forescolor\/","title":{"rendered":"Forescolor"},"content":{"rendered":"<div class=\"wpb-content-wrapper\"><p>[vc_row][vc_column][vc_column_text]<\/p>\n<h1>Forescolor<\/h1>\n<p>[\/vc_column_text][\/vc_column][\/vc_row][vc_row][vc_column width=&#8220;2\/3&#8243;][vc_column_text]FORESCOLOR ist eine innovative, durchgef\u00e4rbte und hochverdichtete MDF. Die Fasern <!--more-->werden einzeln mit organischen Farbstoffen eingef\u00e4rbt und mit einem speziellen Leim verpresst. Dadurch erh\u00e4lt FORESCOLOR ihre einzigartigen mechanischen Eigenschaften, ist vielseitig einsetzbar und hat viele Vorteile.<\/p>\n<ul>\n<li>feuchtigkeitsbest\u00e4ndig<\/li>\n<li>gr\u00f6\u00dferer innerer Zusammenhalt<\/li>\n<li>h\u00f6herer mechanischer Widerstand<\/li>\n<li>kann dreidimensional u. maschinell verarbeitet werden<\/li>\n<li>gr\u00f6\u00dfere Biegefestigkeit<\/li>\n<li>leicht zu veredeln<\/li>\n<li>werkzeugschonend<\/li>\n<\/ul>\n<p>[\/vc_column_text][\/vc_column][vc_column width=&#8220;1\/3&#8243;][vc_single_image image=&#8220;11251&#8243; img_size=&#8220;large&#8220; alignment=&#8220;right&#8220; onclick=&#8220;link_image&#8220;][\/vc_column][\/vc_row][vc_row][vc_column][vc_separator style=&#8220;dotted&#8220;][\/vc_column][\/vc_row][vc_row][vc_column width=&#8220;2\/3&#8243;][vc_gallery interval=&#8220;5&#8243; images=&#8220;10818,10819,10820,10821,10822,10823,10824&#8243; img_size=&#8220;full&#8220;][\/vc_column][vc_column width=&#8220;1\/3&#8243;][vc_column_text]<\/p>\n<p style=\"text-align: left;\"><strong>Anwendungsgebiete<\/strong><\/p>\n<ul>\n<li>Wandverkleidungen<\/li>\n<li>Decken<\/li>\n<li>B\u00f6den<\/li>\n<li>T\u00fcren<\/li>\n<li>M\u00f6bel<\/li>\n<li>Designobjekte<\/li>\n<li>Messest\u00e4nde<\/li>\n<li>Verkaufsr\u00e4ume<\/li>\n<li>Paneele<\/li>\n<li>Spielger\u00e4te, uvm.<\/li>\n<\/ul>\n<p>[\/vc_column_text][\/vc_column][\/vc_row]<\/p>\n<\/div>","protected":false},"excerpt":{"rendered":"<p>[vc_row][vc_column][vc_column_text] Forescolor [\/vc_column_text][\/vc_column][\/vc_row][vc_row][vc_column width=&#8220;2\/3&#8243;][vc_column_text]FORESCOLOR ist eine innovative, durchgef\u00e4rbte und hochverdichtete MDF. Die Fasern<\/p>\n","protected":false},"author":1,"featured_media":10696,"parent":0,"menu_order":0,"comment_status":"closed","ping_status":"closed","template":"","meta":[],"categories":[9],"tags":[],"acf":[],"_links":{"self":[{"href":"https:\/\/www.holz-wallner.at\/inhalte\/wp-json\/wp\/v2\/pages\/10709"}],"collection":[{"href":"https:\/\/www.holz-wallner.at\/inhalte\/wp-json\/wp\/v2\/pages"}],"about":[{"href":"https:\/\/www.holz-wallner.at\/inhalte\/wp-json\/wp\/v2\/types\/page"}],"author":[{"embeddable":true,"href":"https:\/\/www.holz-wallner.at\/inhalte\/wp-json\/wp\/v2\/users\/1"}],"replies":[{"embeddable":true,"href":"https:\/\/www.holz-wallner.at\/inhalte\/wp-json\/wp\/v2\/comments?post=10709"}],"version-history":[{"count":36,"href":"https:\/\/www.holz-wallner.at\/inhalte\/wp-json\/wp\/v2\/pages\/10709\/revisions"}],"predecessor-version":[{"id":11254,"href":"https:\/\/www.holz-wallner.at\/inhalte\/wp-json\/wp\/v2\/pages\/10709\/revisions\/11254"}],"wp:featuredmedia":[{"embeddable":true,"href":"https:\/\/www.holz-wallner.at\/inhalte\/wp-json\/wp\/v2\/media\/10696"}],"wp:attachment":[{"href":"https:\/\/www.holz-wallner.at\/inhalte\/wp-json\/wp\/v2\/media?parent=10709"}],"wp:term":[{"taxonomy":"category","embeddable":true,"href":"https:\/\/www.holz-wallner.at\/inhalte\/wp-json\/wp\/v2\/categories?post=10709"},{"taxonomy":"post_tag","embeddable":true,"href":"https:\/\/www.holz-wallner.at\/inhalte\/wp-json\/wp\/v2\/tags?post=10709"}],"curies":[{"name":"wp","href":"https:\/\/api.w.org\/{rel}","templated":true}]}}