{"id":11106,"date":"2026-08-02T14:00:06","date_gmt":"2026-08-02T12:00:06","guid":{"rendered":"https:\/\/shop.holz-wallner.at\/inhalte\/?page_id=11106"},"modified":"2026-08-07T11:03:09","modified_gmt":"2026-08-07T09:03:09","slug":"terrassen","status":"publish","type":"page","link":"https:\/\/www.holz-wallner.at\/inhalte\/terrassen\/","title":{"rendered":"Terrassen"},"content":{"rendered":"<div class=\"wpb-content-wrapper\"><p>[vc_row][vc_column][vc_column_text css=&#8220;&#8220;]<\/p>\n<h1>Traumterrassen von Holz Wallner<\/h1>\n<p>[\/vc_column_text][\/vc_column][\/vc_row][vc_row][vc_column][vc_gallery interval=&#8220;3&#8243; images=&#8220;13646,13647,13648,13649,13650,13651,13652&#8243; img_size=&#8220;large&#8220; onclick=&#8220;&#8220; css=&#8220;.vc_custom_1786028846671{margin-bottom: 0px !important;}&#8220;][vc_column_text css=&#8220;&#8220;]Verwandeln Sie Ihren Garten in Ihre pers\u00f6nliche Wohlf\u00fchloase mit einer exklusiven Terrasse.<!--more--><\/p>\n<p>Ob Holzterrasse oder BPC-Terrasse \u2013 bei Holz Wallner finden Sie hochwertige Terrassenl\u00f6sungen f\u00fcr jeden Geschmack und jeden Einsatzbereich.[\/vc_column_text][vc_btn title=&#8220;Zu unserem Terrassenfolder&#8220; color=&#8220;btn-wallner&#8220; css=&#8220;&#8220; link=&#8220;url:https%3A%2F%2Fwww.holz-wallner.at%2Finhalte%2Fwp-content%2Fuploads%2F2026%2F08%2FTerrassenfolder_2026_Optimized.pdf&#8220;][\/vc_column][\/vc_row][vc_row][vc_column][vc_separator color=&#8220;custom&#8220; accent_color=&#8220;#33cb98&#8243;][\/vc_column][\/vc_row][vc_row][vc_column][vc_column_text css=&#8220;&#8220;]<strong><span style=\"color: #33cb98;\">Holzterrassen<\/span><\/strong>[\/vc_column_text][vc_single_image image=&#8220;13653&#8243; img_size=&#8220;large&#8220; css=&#8220;&#8220;][vc_column_text css=&#8220;&#8220;]Bringen Sie die nat\u00fcrliche Sch\u00f6nheit und W\u00e4rme von Holz auf Ihre Terrasse oder Ihren Balkon. Bei Holz Wallner finden Sie hochwertige Holzterrassen und Terrassendielen aus heimischen und exotischen Holzarten.<\/p>\n<p>Ob L\u00e4rche, IPE, MOSO Bambus oder Thermoesche \u2013 jede Holzart \u00fcberzeugt durch ihren eigenen Charakter und bietet individuelle Vorteile hinsichtlich Optik, Haltbarkeit und Pflege.<\/p>\n<p>Unsere Mitarbeiter beraten Sie gerne bei der Auswahl der passenden Holzterrasse und unterst\u00fctzen Sie bei der Planung Ihres Projekts.[\/vc_column_text][vc_btn title=&#8220;Zu unseren Holzterrassen&#8220; color=&#8220;btn-wallner&#8220; link=&#8220;url:https%3A%2F%2Fshop.holz-wallner.at%2Fde%2Fterrasse%2Fholzterrassen%2F|||&#8220;][\/vc_column][\/vc_row][vc_row][vc_column][vc_separator color=&#8220;custom&#8220; accent_color=&#8220;#33cb98&#8243;][\/vc_column][\/vc_row][vc_row][vc_column][vc_column_text css=&#8220;&#8220;]<span style=\"color: #33cb98;\"><strong>BPC-Terrassen<\/strong><\/span>[\/vc_column_text][vc_single_image image=&#8220;13654&#8243; img_size=&#8220;large&#8220; css=&#8220;&#8220;][vc_column_text css=&#8220;&#8220;]<\/p>\n<p>BPC-Terrassen sind eine moderne und langlebige Alternative zur klassischen Holzterrasse. Das hochwertige Verbundmaterial vereint die nat\u00fcrliche Optik von Holz mit den Vorteilen eines besonders widerstandsf\u00e4higen und pflegeleichten Terrassenbelags. Viele Kunden kennen diese Art von Terrassendielen auch aus dem Bereich der WPC-Terrassen.<\/p>\n<p>Die Oberfl\u00e4che von BPC-Terrassendielen ist splitterfrei, feuchteresistent und besonders pflegeleicht. Dadurch eignen sich BPC-Terrassen ideal f\u00fcr Terrassen, Balkone und Poolbereiche.<\/p>\n<p>Unsere Mitarbeiter beraten Sie gerne bei der Auswahl der passenden BPC-Terrasse f\u00fcr Ihr Projekt.<\/p>\n<p>[\/vc_column_text][\/vc_column][\/vc_row][vc_row][vc_column][vc_separator color=&#8220;custom&#8220; accent_color=&#8220;#33cb98&#8243;][\/vc_column][\/vc_row][vc_row][vc_column][vc_column_text css=&#8220;&#8220;]<b>Besuchen Sie unseren Fachmarkt und lassen Sie sich beraten:<\/b><\/p>\n<p>Wallner Holzhandel GmbH<br \/>\nHolzfachmarkt<br \/>\nPorschestra\u00dfe 13<br \/>\n3100 St. P\u00f6lten<\/p>\n<p>Tel.: +43 (2742) 76330-44<br \/>\nMail: office@holz-wallner.at[\/vc_column_text][\/vc_column][\/vc_row]<\/p>\n<\/div>","protected":false},"excerpt":{"rendered":"<p>[vc_row][vc_column][vc_column_text css=&#8220;&#8220;] Traumterrassen von Holz Wallner [\/vc_column_text][\/vc_column][\/vc_row][vc_row][vc_column][vc_gallery interval=&#8220;3&#8243; images=&#8220;13646,13647,13648,13649,13650,13651,13652&#8243; img_size=&#8220;large&#8220; onclick=&#8220;&#8220; css=&#8220;.vc_custom_1786028846671{margin-bottom: 0px !important;}&#8220;][vc_column_text css=&#8220;&#8220;]Verwandeln Sie Ihren Garten in Ihre pers\u00f6nliche Wohlf\u00fchloase mit einer exklusiven Terrasse.<\/p>\n","protected":false},"author":1,"featured_media":13671,"parent":0,"menu_order":0,"comment_status":"closed","ping_status":"closed","template":"","meta":[],"categories":[9],"tags":[],"acf":[],"_links":{"self":[{"href":"https:\/\/www.holz-wallner.at\/inhalte\/wp-json\/wp\/v2\/pages\/11106"}],"collection":[{"href":"https:\/\/www.holz-wallner.at\/inhalte\/wp-json\/wp\/v2\/pages"}],"about":[{"href":"https:\/\/www.holz-wallner.at\/inhalte\/wp-json\/wp\/v2\/types\/page"}],"author":[{"embeddable":true,"href":"https:\/\/www.holz-wallner.at\/inhalte\/wp-json\/wp\/v2\/users\/1"}],"replies":[{"embeddable":true,"href":"https:\/\/www.holz-wallner.at\/inhalte\/wp-json\/wp\/v2\/comments?post=11106"}],"version-history":[{"count":60,"href":"https:\/\/www.holz-wallner.at\/inhalte\/wp-json\/wp\/v2\/pages\/11106\/revisions"}],"predecessor-version":[{"id":13674,"href":"https:\/\/www.holz-wallner.at\/inhalte\/wp-json\/wp\/v2\/pages\/11106\/revisions\/13674"}],"wp:featuredmedia":[{"embeddable":true,"href":"https:\/\/www.holz-wallner.at\/inhalte\/wp-json\/wp\/v2\/media\/13671"}],"wp:attachment":[{"href":"https:\/\/www.holz-wallner.at\/inhalte\/wp-json\/wp\/v2\/media?parent=11106"}],"wp:term":[{"taxonomy":"category","embeddable":true,"href":"https:\/\/www.holz-wallner.at\/inhalte\/wp-json\/wp\/v2\/categories?post=11106"},{"taxonomy":"post_tag","embeddable":true,"href":"https:\/\/www.holz-wallner.at\/inhalte\/wp-json\/wp\/v2\/tags?post=11106"}],"curies":[{"name":"wp","href":"https:\/\/api.w.org\/{rel}","templated":true}]}}

<div class="wpb-content-wrapper"><p>[vc_row][vc_column][vc_column_text css=&#8220;&#8220;]</p>
<h1>Traumterrassen von Holz Wallner</h1>
<p>[/vc_column_text][/vc_column][/vc_row][vc_row][vc_column][vc_gallery interval=&#8220;3&#8243; images=&#8220;13646,13647,13648,13649,13650,13651,13652&#8243; img_size=&#8220;large&#8220; onclick=&#8220;&#8220; css=&#8220;.vc_custom_1786028846671{margin-bottom: 0px !important;}&#8220;][vc_column_text css=&#8220;&#8220;]Verwandeln Sie Ihren Garten in Ihre persönliche Wohlfühloase mit einer exklusiven Terrasse.<!--more--></p>
<p>Ob Holzterrasse oder BPC-Terrasse – bei Holz Wallner finden Sie hochwertige Terrassenlösungen für jeden Geschmack und jeden Einsatzbereich.[/vc_column_text][vc_btn title=&#8220;Zu unserem Terrassenfolder&#8220; color=&#8220;btn-wallner&#8220; css=&#8220;&#8220; link=&#8220;url:https%3A%2F%2Fwww.holz-wallner.at%2Finhalte%2Fwp-content%2Fuploads%2F2026%2F08%2FTerrassenfolder_2026_Optimized.pdf&#8220;][/vc_column][/vc_row][vc_row][vc_column][vc_separator color=&#8220;custom&#8220; accent_color=&#8220;#33cb98&#8243;][/vc_column][/vc_row][vc_row][vc_column][vc_column_text css=&#8220;&#8220;]<strong><span style="color: #33cb98;">Holzterrassen</span></strong>[/vc_column_text][vc_single_image image=&#8220;13653&#8243; img_size=&#8220;large&#8220; css=&#8220;&#8220;][vc_column_text css=&#8220;&#8220;]Bringen Sie die natürliche Schönheit und Wärme von Holz auf Ihre Terrasse oder Ihren Balkon. Bei Holz Wallner finden Sie hochwertige Holzterrassen und Terrassendielen aus heimischen und exotischen Holzarten.</p>
<p>Ob Lärche, IPE, MOSO Bambus oder Thermoesche – jede Holzart überzeugt durch ihren eigenen Charakter und bietet individuelle Vorteile hinsichtlich Optik, Haltbarkeit und Pflege.</p>
<p>Unsere Mitarbeiter beraten Sie gerne bei der Auswahl der passenden Holzterrasse und unterstützen Sie bei der Planung Ihres Projekts.[/vc_column_text][vc_btn title=&#8220;Zu unseren Holzterrassen&#8220; color=&#8220;btn-wallner&#8220; link=&#8220;url:https%3A%2F%2Fshop.holz-wallner.at%2Fde%2Fterrasse%2Fholzterrassen%2F|||&#8220;][/vc_column][/vc_row][vc_row][vc_column][vc_separator color=&#8220;custom&#8220; accent_color=&#8220;#33cb98&#8243;][/vc_column][/vc_row][vc_row][vc_column][vc_column_text css=&#8220;&#8220;]<span style="color: #33cb98;"><strong>BPC-Terrassen</strong></span>[/vc_column_text][vc_single_image image=&#8220;13654&#8243; img_size=&#8220;large&#8220; css=&#8220;&#8220;][vc_column_text css=&#8220;&#8220;]</p>
<p>BPC-Terrassen sind eine moderne und langlebige Alternative zur klassischen Holzterrasse. Das hochwertige Verbundmaterial vereint die natürliche Optik von Holz mit den Vorteilen eines besonders widerstandsfähigen und pflegeleichten Terrassenbelags. Viele Kunden kennen diese Art von Terrassendielen auch aus dem Bereich der WPC-Terrassen.</p>
<p>Die Oberfläche von BPC-Terrassendielen ist splitterfrei, feuchteresistent und besonders pflegeleicht. Dadurch eignen sich BPC-Terrassen ideal für Terrassen, Balkone und Poolbereiche.</p>
<p>Unsere Mitarbeiter beraten Sie gerne bei der Auswahl der passenden BPC-Terrasse für Ihr Projekt.</p>
<p>[/vc_column_text][/vc_column][/vc_row][vc_row][vc_column][vc_separator color=&#8220;custom&#8220; accent_color=&#8220;#33cb98&#8243;][/vc_column][/vc_row][vc_row][vc_column][vc_column_text css=&#8220;&#8220;]<b>Besuchen Sie unseren Fachmarkt und lassen Sie sich beraten:</b></p>
<p>Wallner Holzhandel GmbH<br />
Holzfachmarkt<br />
Porschestraße 13<br />
3100 St. Pölten</p>
<p>Tel.: +43 (2742) 76330-44<br />
Mail: office@holz-wallner.at[/vc_column_text][/vc_column][/vc_row]</p>
</div>

<p>[vc_row][vc_column][vc_column_text css=&#8220;&#8220;] Traumterrassen von Holz Wallner [/vc_column_text][/vc_column][/vc_row][vc_row][vc_column][vc_gallery interval=&#8220;3&#8243; images=&#8220;13646,13647,13648,13649,13650,13651,13652&#8243; img_size=&#8220;large&#8220; onclick=&#8220;&#8220; css=&#8220;.vc_custom_1786028846671{margin-bottom: 0px !important;}&#8220;][vc_column_text css=&#8220;&#8220;]Verwandeln Sie Ihren Garten in Ihre persönliche Wohlfühloase mit einer exklusiven Terrasse.</p>
