{"id":13299,"date":"2024-08-26T14:52:27","date_gmt":"2024-08-26T12:52:27","guid":{"rendered":"https:\/\/www.holz-wallner.at\/inhalte\/?page_id=13299"},"modified":"2024-08-27T11:13:57","modified_gmt":"2024-08-27T09:13:57","slug":"sonderposten-parkett","status":"publish","type":"page","link":"https:\/\/www.holz-wallner.at\/inhalte\/sonderposten-parkett\/","title":{"rendered":"Sonderposten Parkett"},"content":{"rendered":"<div class=\"wpb-content-wrapper\"><p>[vc_row][vc_column][vc_column_text css=&#8220;&#8220;]<\/p>\n<h1>Fischgr\u00e4t-Parkett R\u00e4uchereiche<\/h1>\n<p>[\/vc_column_text][\/vc_column][\/vc_row][vc_row][vc_column][vc_column_text css=&#8220;&#8220;]Wallner bietet einen exklusiven Sonderposten f\u00fcr elegante R\u00e4ume.<!--more--><\/p>\n<p>[\/vc_column_text][\/vc_column][\/vc_row][vc_row][vc_column][vc_column_text css=&#8220;&#8220;]Verleihen Sie Ihren R\u00e4umen einen Hauch von Luxus mit unserem exklusiven Fischgr\u00e4t-Parkett. Dieser hochwertige Bodenbelag aus heimischer R\u00e4uchereiche besticht durch sein dunkelbraunes bis schwarzes Farbenspiel und seine elegante 45-Grad-Verlegung. Die geb\u00fcrstete und ge\u00f6lte Oberfl\u00e4che sorgt f\u00fcr eine besonders edle Optik und Haptik.<\/p>\n<ul>\n<li><strong>Material:<\/strong>\u00a0R\u00e4uchereiche, geb\u00fcrstet und ge\u00f6lt<\/li>\n<li><strong>Verbindung:<\/strong>\u00a04-seitig Nut &amp; Feder<\/li>\n<li><strong>Format:<\/strong>\u00a0Gro\u00dfformat 920 x 160 x 15 mm<\/li>\n<\/ul>\n<p>Profitieren Sie jetzt von unserem\u00a0<strong>Sensationspreis<\/strong>:<\/p>\n<p><big><big><strong>Statt 159,90\u20ac nur 69,90\u20ac inkl. MwSt.<\/strong><\/big><\/big><\/p>\n<p>\u00dcberzeugen Sie sich selbst von der Exklusivit\u00e4t und Qualit\u00e4t dieses einzigartigen Bodens in unserem Schauraum vor Ort. Wir freuen uns auf Ihren Besuch![\/vc_column_text][vc_separator css=&#8220;&#8220;][vc_gallery interval=&#8220;3&#8243; images=&#8220;13311,13310,13309,13301&#8243; img_size=&#8220;large&#8220; css=&#8220;&#8220;][\/vc_column][\/vc_row]<\/p>\n<\/div>","protected":false},"excerpt":{"rendered":"<p>[vc_row][vc_column][vc_column_text css=&#8220;&#8220;] Fischgr\u00e4t-Parkett R\u00e4uchereiche [\/vc_column_text][\/vc_column][\/vc_row][vc_row][vc_column][vc_column_text css=&#8220;&#8220;]Wallner bietet einen exklusiven Sonderposten f\u00fcr elegante R\u00e4ume.<\/p>\n","protected":false},"author":1,"featured_media":13301,"parent":0,"menu_order":0,"comment_status":"closed","ping_status":"closed","template":"","meta":[],"categories":[9],"tags":[],"acf":[],"_links":{"self":[{"href":"https:\/\/www.holz-wallner.at\/inhalte\/wp-json\/wp\/v2\/pages\/13299"}],"collection":[{"href":"https:\/\/www.holz-wallner.at\/inhalte\/wp-json\/wp\/v2\/pages"}],"about":[{"href":"https:\/\/www.holz-wallner.at\/inhalte\/wp-json\/wp\/v2\/types\/page"}],"author":[{"embeddable":true,"href":"https:\/\/www.holz-wallner.at\/inhalte\/wp-json\/wp\/v2\/users\/1"}],"replies":[{"embeddable":true,"href":"https:\/\/www.holz-wallner.at\/inhalte\/wp-json\/wp\/v2\/comments?post=13299"}],"version-history":[{"count":17,"href":"https:\/\/www.holz-wallner.at\/inhalte\/wp-json\/wp\/v2\/pages\/13299\/revisions"}],"predecessor-version":[{"id":13321,"href":"https:\/\/www.holz-wallner.at\/inhalte\/wp-json\/wp\/v2\/pages\/13299\/revisions\/13321"}],"wp:featuredmedia":[{"embeddable":true,"href":"https:\/\/www.holz-wallner.at\/inhalte\/wp-json\/wp\/v2\/media\/13301"}],"wp:attachment":[{"href":"https:\/\/www.holz-wallner.at\/inhalte\/wp-json\/wp\/v2\/media?parent=13299"}],"wp:term":[{"taxonomy":"category","embeddable":true,"href":"https:\/\/www.holz-wallner.at\/inhalte\/wp-json\/wp\/v2\/categories?post=13299"},{"taxonomy":"post_tag","embeddable":true,"href":"https:\/\/www.holz-wallner.at\/inhalte\/wp-json\/wp\/v2\/tags?post=13299"}],"curies":[{"name":"wp","href":"https:\/\/api.w.org\/{rel}","templated":true}]}}